
In base 4, what is -22 - -133?
111
In base 16, what is -a - -c64?
c5a
In base 12, what is 85 + 1?
86
In base 11, what is -405 - -2?
-403
In base 3, what is 22120 - -1?
22121
In base 12, what is -3088 + -1?
-3089
In base 12, what is 5 - -2a0?
2a5
In base 7, what is 2 + 240?
242
In base 12, what is -14 - 9?
-21
In base 11, what is -4 - -28?
24
In base 12, what is 34 + -156?
-122
In base 10, what is 40 + 2?
42
In base 16, what is -7 - 10?
-17
In base 8, what is 4 + -5535?
-5531
In base 12, what is -103 + -157?
-25a
In base 8, what is -2 + -172?
-174
In base 2, what is -1000100110 - 100?
-1000101010
In base 15, what is 1e0 + -3?
1dc
In base 11, what is -5 - 0?
-5
In base 3, what is 202110 - 112?
201221
In base 8, what is -205 + -172?
-377
In base 10, what is 2 - 53?
-51
In base 5, what is -140 + 2102?
1412
In base 8, what is -353 + -7?
-362
In base 13, what is 0 - -2?
2
In base 2, what is -111100 - -100?
-111000
In base 6, what is -3 + 525?
522
In base 5, what is -33 - -23?
-10
In base 7, what is -66 + -2?
-101
In base 2, what is -110000001 - 100?
-110000101
In base 10, what is -639 + -4?
-643
In base 11, what is -1a7 - -5?
-1a2
In base 8, what is 211 - -4?
215
In base 8, what is 2762 + 3?
2765
In base 6, what is -50250 - 2?
-50252
In base 15, what is -5 - -bc?
b7
In base 7, what is -66652 + -4?
-66656
In base 14, what is -14 - -1a5?
191
In base 4, what is 2032 + -23?
2003
In base 13, what is -16 - -64?
4b
In base 9, what is 2 + -671?
-668
In base 7, what is -312 + -14?
-326
In base 11, what is -583 - -4?
-57a
In base 8, what is 2775 + -6?
2767
In base 8, what is 1 + 7104?
7105
In base 11, what is -5 - 97?
-a1
In base 9, what is 278 + 1?
280
In base 4, what is 2 + 10023?
10031
In base 12, what is 4b - -4b?
9a
In base 8, what is -15 - 352?
-367
In base 7, what is 111 - -5?
116
In base 9, what is 1 + -7478?
-7477
In base 2, what is 11111 + -11?
11100
In base 6, what is -3531 + -21?
-3552
In base 2, what is -1100000 + -100110?
-10000110
In base 15, what is -46 + 13?
-33
In base 8, what is 0 + -1333?
-1333
In base 11, what is -81a + -2?
-821
In base 7, what is 23631 - -3?
23634
In base 8, what is 1 - -3746?
3747
In base 15, what is -3 + -435?
-438
In base 9, what is 16 + 41?
57
In base 7, what is 3 - 566?
-563
In base 10, what is 20 + 8?
28
In base 5, what is -11 - -134?
123
In base 15, what is 1e + -3?
1b
In base 12, what is 0 + -847?
-847
In base 4, what is 2 + -113230?
-113222
In base 16, what is 1f - -14?
33
In base 11, what is 1857 + -4?
1853
In base 10, what is -5 - 63?
-68
In base 15, what is -2 - 9e5?
-9e7
In base 15, what is 0 - 85?
-85
In base 7, what is 2 - -3625?
3630
In base 16, what is 248 - -c?
254
In base 4, what is -10212 + 231?
-3321
In base 4, what is -21313 - -13?
-21300
In base 12, what is -b2 - -10?
-a2
In base 3, what is 1022 - -202?
2001
In base 9, what is -34 - 10?
-44
In base 5, what is 12 + -14?
-2
In base 2, what is 0 - -101001010100?
101001010100
In base 15, what is -1 + -2e?
-30
In base 15, what is -1c + 1?
-1b
In base 2, what is 0 - -1110100?
1110100
In base 2, what is 101 - -10000?
10101
In base 8, what is -112 + 1?
-111
In base 3, what is 102102 + -12?
102020
In base 2, what is -1 - 110111?
-111000
In base 9, what is 52 + 7?
60
In base 15, what is -32 + -89?
-bb
In base 11, what is 170 - -1?
171
In base 13, what is -282 - 3?
-285
In base 7, what is 5 + 36?
44
In base 14, what is 9d - -6?
a5
In base 5, what is -443 - -1322?
324
In base 13, what is 2021 + 5?
2026
In base 15, what is -2 - -1e0a?
1e08
In base 7, what is 4432 + -12?
4420
In base 4, what is 22 - 2013?
-1331
In base 2, what is 100100110 + -100?
100100010
In base 4, what is 23 + -31?
-2
In base 7, what is 0 - 51?
-51
In base 8, what is -527 + -2?
-531
In base 13, what is -4 + -1320?
-1324
In base 9, what is -736 + 0?
-736
In base 15, what is 15 + -8d?
-78
In base 11, what is -108 + -3?
-110
In base 16, what is 3 - -26d?
270
In base 5, what is -100 + 3042?
2442
In base 12, what is -a10 - 4?
-a14
In base 3, what is -220000 + -111?
-220111
In base 13, what is 173 + 4?
177
In base 16, what is 2d6 - 5?
2d1
In base 4, what is -301212 - -3?
-301203
In base 3, what is 112100 + -2?
112021
In base 7, what is 66 - 22?
44
In base 12, what is -120 - 2?
-122
In base 16, what is -4f + -3?
-52
In base 9, what is -30 - 81?
-121
In base 12, what is -1b3 + 4?
-1ab
In base 9, what is 18 + 1505?
1524
In base 4, what is 112 + 1013?
1131
In base 9, what is -6 - -207?
201
In base 14, what is 1564 + 0?
1564
In base 5, what is -3 - -40?
32
In base 13, what is -5 + -4c?
-54
In base 2, what is 0 + 1?
1
In base 11, what is 7356 - 1?
7355
In base 9, what is -1 + 64?
63
In base 7, what is 2035 + 6?
2044
In base 15, what is -bb8 + 1?
-bb7
In base 16, what is 51 - -f?
60
In base 13, what is 3 + a89?
a8c
In base 13, what is -3 + -447?
-44a
In base 2, what is -10 + -110110?
-111000
In base 16, what is -43 + -31?
-74
In base 10, what is 15 + 70?
85
In base 12, what is -449 - 13?
-460
In base 15, what is -b93 + -9?
-b9c
In base 11, what is -91a + -1?
-920
In base 2, what is 101100 + -11?
101001
In base 15, what is e0 - 3?
dc
In base 2, what is -101101100111010 - -101?
-101101100110101
In base 6, what is -54 + 24?
-30
In base 7, what is 220 - -35?
255
In base 8, what is 1 + 33?
34
In base 4, what is 201330 - -10?
202000
In base 5, what is -3 - 203?
-211
In base 4, what is 1 + -112?
-111
In base 6, what is 4 + 1123?
1131
In base 15, what is 5 - 94?
-8e
In base 11, what is -553 + -4?
-557
In base 16, what is -15 - 6?
-1b
In base 10, what is -4 + 2?
-2
In base 7, what is 100 - 123?
-23
In base 11, what is -6 - -1084?
1079
In base 8, what is 0 + -45?
-45
In base 6, what is 20 - -203?
223
In base 16, what is -a8 - -1a?
-8e
In base 7, what is 2551 - -2?
2553
In base 16, what is -3 - -10?
d
In base 10, what is -3111 + 2?
-3109
In base 2, what is -101111011001 - 101?
-101111011110
In base 13, what is -3 - -39?
36
In base 10, what is -163 + -1?
-164
In base 9, what is 3 - 68?
-65
In base 7, what is 0 - 20?
-20
In base 12, what is -9a61 - -4?
-9a59
In base 10, what is 2387 + -2?
2385
In base 13, what is -40 - 34?
-74
In base 13, what is -4b + 68?
1a
In base 11, what is 168 - 4?
164
In base 11, what is 375 - -2?
377
In base 6, what is 1501 - -4?
1505
In base 9, what is 2741 - 1?
2740
In base 6, what is 0 + -31?
-31
In base 8, what is 67 + -20?
47
In base 15, what is 18 + 2ba?
2d3
In base 13, what is -125 + -3?
-128
In base 5, what is 10 - -13314?
13324
In base 14, what is -61 - 1?
-62
In base 10, what is 6 + 1?
7
In base 8, what is 7 - 62?
-53
In base 6, what is 2321 - 4?
2313
In base 4, what is -3 + -2311?
-2320
In base 6, what is -13 + -104?
-121
In base 3, what is -1 + 20001?
20000
In base 6, what is -2552 + -4?
-3000
In base 4, what is 103 - 21310?
-21201
In base 4, what is 1301 - 21?
1220
In base 12, what is 1a9 + 18?
205
In base 11, what is -38 - 4?
-41
In base 4, what is 113 + 21?
200
In base 9, what is 1 + -3007?
-3006
In base 13, what is -122 + -3?
-125
In base 3, what is 202 + 10?
212
In base 8, what is -4 - -32?
26
In base 11, what is 34 + -6?
29
In base 9, what is 6 + 231?
237
In base 11, what is 21 - 13?
9
In base 10, what is 1 + -1754?
-1753
In base 10, what is 74 + -2?
72
In base 10, what is -4 + -24?
-28
In base 11, what is 662 + -1?
661
In base 15, what is -178 - -5?
-173
In base 12, what is -4 + b7?
b3
In base 9, what is 278 + -1?
277
In base 8, what is -15 + 151?
134
In base 3, what is 1 - -220200?
220201
In base 12, what is 0 + -44?
-44
In base 6, what is 10 + 404?
414
In base 6, what is 131 - -32?
203
In base 4, what is 1200 - 333?
201
In base 5, what is -1011 - 1?
-1012
In base 5, what is -13 + 1202?
1134
In base 15, what is 438 + 3?
43b
In base 9, what is -4 - 14?
-18
In base 8, what is 0 - -5331?
5331
In base 10, what is -6 - 9?
-15
In base 6, what is 133 + 5?
142
In base 8, what is 2 - 123?
-121
In base 5, what is 0 + -213?
-213
In base 5, what is 24444 + 10?
30004
In base 13, what is -1 - 1c4?
-1c5
In base 10, what is -5 - -211?
206
In base 9, what is -35612 - 3?
-35615
In base 7, what is -31 + -15?
-46
In base 7, what is -213 - -30?
-153
In base 8, what is -3 - -1501?
1476
In base 7, what is 1 + -1423?
-1422
In base 9, what is 3 - 4?
-1
In base 15, what is 1 - 150?
-14e
In ba